of 486 and x.
6
Let x = -1640 + 1664. Calculate the greatest common divisor of x and 1272.
24
Let k = -641 - -741. What is the highest common divisor of 50 and k?
50
Suppose 5*d + 0*d - 29 = -2*y, 0 = -5*d + 5. Let h(c) = -c + 6. Let a be h(2). Suppose y*n - a = 8*n. Calculate the highest common divisor of n and 3.
1
Let m be 5 - (-307)/4 - 6/8. Calculate the greatest common factor of m and 729.
81
Let h(m) = -m**3 - 35*m**2 - 10*m - 233. Let l be h(-37). Calculate the highest common factor of l and 115.
115
Suppose 0 = 5*k - 2 - 3. Let i be k*242/2*1. Suppose 0 = 5*c - 88 + 33. Calculate the highest common factor of c and i.
11
Suppose w - 97 = -16. What is the greatest common factor of w and 18?
9
Suppose 0*p + 6 = 3*p, 2*d - p = 28. What is the highest common divisor of 375 and d?
15
Let q = 642 + -537. What is the highest common factor of 75 and q?
15
Let n = 23 - 11. Suppose -f - f = -n. Let w = f + -4. Calculate the greatest common factor of 4 and w.
2
Let s(l) = 2*l**2 + 4*l + 18. Let b be s(-3). Calculate the highest common divisor of b and 108.
12
Suppose -928 = -55*o + 47*o. What is the greatest common divisor of o and 12?
4
Suppose -54 = -a + 5*t, 0 = -0*a - a - 5*t + 34. Suppose -a = 14*d - 18*d. Let i be (-2)/(-2) + 38*2. What is the greatest common divisor of i and d?
11
Let j(o) = -2*o**2 + 36*o + 3. Let y be j(15). Calculate the highest common divisor of y and 372.
93
Let z(p) = p**3 + 22*p**2 + 25*p - 31. Let h be z(-21). Let r = -68 - h. Calculate the highest common divisor of r and 376.
47
Suppose 36*j - 990 = 26*j. Calculate the highest common factor of j and 90.
9
Let b(y) = 18*y - 9*y + 1 - 3*y + 11*y**2. Let g be b(-4). Calculate the greatest common divisor of 9 and g.
9
Suppose -2*d = -4*a + 10, -a - d + 4*d = 5. Suppose 0*h = -a*h + 148. Let g = h + -13. What is the highest common divisor of 60 and g?
12
Let m(x) = -x**3 + 4*x**2 + 5*x + 3. Let a be m(5). Let p be a/(-6) + (-90)/(-12). What is the highest common divisor of p and 63?
7
Let g be ((-2)/(-6))/(9/756). Let f be 348/g - 6/14. Suppose 12 = a + v - 5*v, -2*a + 3*v + 14 = 0. What is the greatest common divisor of a and f?
4
Suppose -105 = -5*q + 5*p, 0 = -66*p + 64*p + 6. Calculate the greatest common divisor of 24 and q.
24
Suppose 0*w + 5*w = -410. Let l be (-11)/(220/8) - w/5. What is the highest common factor of 80 and l?
16
Let f be (25 + (-9)/3)/(-1 + 3). Let j be (3/(-6))/((-1)/2). Let v = 2 - j. Calculate the greatest common divisor of f and v.
1
Suppose 0 = 3*t, b - t = 2*t - 23. Let y = 36 + b. What is the highest common divisor of y and 13?
13
Let d(t) = 11*t**2 + 42*t + 4. Let m be d(-4). What is the greatest common factor of m and 64?
4
Let c(o) = -o**2 + 8*o - 6. Let w be c(5). Suppose -30 = -28*u - 2. Calculate the highest common factor of u and w.
1
Suppose 0 = 2*v - 17 - 13. Let i = -789 + 1000. Let n = i - v. What is the greatest common divisor of 28 and n?
28
Let s(m) = -m**3 + 16*m**2 + 18*m + 13. Let t be s(17). Calculate the greatest common factor of t and 255.
15
Let c(j) = -j + 2. Let w be c(2). Suppose 8 = 2*o, -4*q + w*o - 28 = -4*o. Let r be (q - (-4)/(-8))*-4. What is the highest common factor of 112 and r?
14
Let d be 1*(23 + (-7 - -3)). What is the greatest common divisor of 1 and d?
1
Let w be (-4)/18 - (-97888)/504. What is the greatest common factor of 485 and w?
97
Suppose s + 4*h - 10 = 0, 2*s - h - 26 = 7*s. Let a be 96/15 - s/10. Suppose 10*b - a*b - 9 = 0. What is the highest common divisor of b and 6?
3
Suppose x = 14*x - 1053. What is the highest common divisor of 3 and x?
3
Let h = 6 - 6. Let t(n) = -n**2 - n + 5. Let p be t(h). Let r = p - 1. Calculate the highest common factor of r and 20.
4
Let m be (-38)/(-9) + (6 - (-56)/(-9)). Let z be 2 + (m - 7) + 43. Calculate the greatest common divisor of z and 14.
14
Let d be 1/(-5) - 1757/(-35). Suppose 24*y - 19*y - d = 0. What is the greatest common divisor of 20 and y?
10
Let x(b) = 6 - 2 + 3*b + 2 - 3. Let s be x(1). What is the greatest common divisor of 30 and s?
6
Let g(c) = c. Let i = -1 + -1. Let f be g(i). Let a be f/(-1)*(-14)/(-28). Calculate the greatest common divisor of a and 2.
1
Let g = 43 - 31. Let l = 18 - g. Suppose m - l*m + 240 = 0. Calculate the greatest common factor of m and 72.
24
Let n(w) = 22*w**2 + 2*w + 1. Let j(c) = -3*c - 40. Let b be j(-13). Let z be n(b). Calculate the highest common factor of 84 and z.
21
Suppose 1836 = 948*q - 946*q. What is the greatest common factor of 54 and q?
54
Let q = 17 - 13. Suppose q*w + 6 = -o, 0 = o - 0*o - 2*w. Let u be ((-7)/3)/(o/72). Calculate the greatest common factor of 21 and u.
21
Let x(r) = 15*r**2 - 4*r + 3. Let h be x(2). Let i(n) = -n**2 - 16*n + 11. Let a be i(-16). What is the greatest common factor of a and h?
11
Let i = 350 - 255. What is the greatest common divisor of 760 and i?
95
Suppose -4*m + 12 = 0, -m = 2*p + 64 - 169. Calculate the highest common divisor of p and 408.
51
Suppose 0 = 66*r - 206260 + 16510. Calculate the highest common divisor of 23 and r.
23
Let w = -72 + 76. Let o be 88/66*-15*-1*w. What is the greatest common divisor of 10 and o?
10
Let h(p) = -5*p + 3. Let b be h(-4). Let f be (-2)/(-10) + 24/5. Let a = b - f. Calculate the greatest common divisor of 126 and a.
18
Suppose 5*t = -t - 138. Let a = t + 41. Calculate the highest common divisor of 27 and a.
9
Suppose 17*m + 82 = 252. What is the highest common divisor of m and 110?
10
Suppose -9*i = -2639 + 281. What is the greatest common factor of 2 and i?
2
Suppose -2*r + 97 = -1. Let x be 156/(-9) + (-1)/(-3). Let w = x - -24. Calculate the highest common divisor of r and w.
7
Let c be 30/50 + 284/10. Suppose -1044 = -4*r - 4*k + k, -4*k = 5*r - 1305. What is the greatest common divisor of c and r?
29
Let q be (-40)/3*12/(-5). Suppose 8156*m - 5376 = 8135*m. Calculate the highest common factor of q and m.
32
Let t(w) = -22*w + 96. Let v be t(2). Calculate the highest common factor of 28 and v.
4
Let v(c) = -c**2 - 8*c + 1. Let h be v(-6). Suppose -h = -4*j - 1. Suppose -d = -j*d + 96. What is the highest common divisor of d and 32?
16
Let q be -4*(17/(-2) - 0). Let n = 144 + -42. Calculate the highest common divisor of n and q.
34
Let d be 358 - (-1 + 3 + -4). Let f be (1/(-1))/((52/d)/(-13)). What is the highest common divisor of 9 and f?
9
Suppose -5*b = -4*l - 1608, l + 530 + 432 = 3*b. Calculate the greatest common divisor of 30 and b.
10
Let t = -48 + 84. Let d = t + -22. What is the greatest common divisor of d and 56?
14
Let m(d) = -12*d - 26. Let f be (-21)/9 + -6 - 1/(-3). Let g be m(f). What is the highest common factor of g and 20?
10
Suppose 128*m = 75*m + 119250. What is the highest common factor of m and 36?
18
Suppose 3*u - 351 = -3*w + 21, 4*w + 2*u - 494 = 0. What is the highest common divisor of w and 9?
3
Let z(l) = 5*l**2 + 37*l + 17. Let f be z(-7). Calculate the highest common divisor of 3 and f.
3
Let t be (-4226)/(-11) + (-210)/66 + 3. Calculate the highest common factor of t and 16.
16
Let u be 176/28 - 12/42. What is the highest common divisor of 2 and u?
2
Let u = -23 + 40. Let g be 1*2*u + 2. Let w(r) = -39*r + 210. Let t be w(4). What is the highest common divisor of g and t?
18
Let z be (15 - 14)*(49 - (-4 - -1)). What is the greatest common factor of z and 130?
26
Let h = -114 + 485. Calculate the highest common factor of 21 and h.
7
Suppose -58*i = -53*i - 4800. What is the greatest common divisor of i and 60?
60
Let f(a) = 8*a**3 + a + 2. Let i be f(2). Let n(v) = -2*v**2 + 10*v + 62. Let g be n(7). What is the highest common divisor of g and i?
34
Let b be (9/6)/(6/(-64)). Let v = -1 - b. Let s = v + 1. Calculate the highest common factor of s and 24.
8
Let h be 108/(-6)*(-44)/6. Let w be (14/6 - 5)*(-9)/2. Calculate the highest common divisor of h and w.
12
Let g be (22 - (5 + -1)) + 0. Suppose -35 = -3*i + 2*a, 9*i - 56 = 4*i + a. Suppose -i*j + 10*j = -g. Calculate the greatest common factor of j and 9.
9
Let d(v) = v**2 + 53*v + 188. Let g be d(-51). Calculate the highest common divisor of g and 1376.
86
Let n be 1/(-2) - (-392)/16. Calculate the highest common factor of n and 8.
8
Let y be 70/(-4)*20/(-25). Let v be (-16)/8 + 0/(-2). Let n(w) = -4*w**3 - 2*w**2 + 3*w + 3. Let